21b?
-21a
In base 5, what is 4 + 4413?
4422
In base 2, what is 10 + -100100001001?
-100100000111
In base 7, what is 5 - -3542?
3550
In base 16, what is -5a + 4?
-56
In base 3, what is 10 - 2022122?
-2022112
In base 7, what is 5 - 124?
-116
In base 6, what is -1111 + -4?
-1115
In base 7, what is 3021 + 2?
3023
In base 14, what is -104 + 4?
-100
In base 14, what is -5 - 271?
-276
In base 4, what is -32322 + -3?
-32331
In base 9, what is -46 + 7?
-38
In base 14, what is 9 - -d2d?
d38
In base 12, what is -51a - -7?
-513
In base 14, what is 3 + -a4?
-a1
In base 3, what is -20 + 1?
-12
In base 14, what is -3c + 0?
-3c
In base 2, what is -11110011 + 100?
-11101111
In base 11, what is 87 - 5?
82
In base 2, what is 1001011101 + -100?
1001011001
In base 10, what is -24 - -132?
108
In base 3, what is 1 - 101?
-100
In base 3, what is 11202111 + 0?
11202111
In base 3, what is 20 - -20110?
20200
In base 4, what is 12 + -103?
-31
In base 16, what is -5 - 3bb?
-3c0
In base 13, what is -4 - 153?
-157
In base 9, what is 28 - 11?
17
In base 9, what is 4 - -2368?
2373
In base 11, what is -4 - 29a?
-2a3
In base 7, what is -4 + 164?
160
In base 6, what is 1 + -3544?
-3543
In base 9, what is 21 + 231?
252
In base 11, what is 188 + 13?
1a0
In base 4, what is -2 + -110?
-112
In base 14, what is 70 + -3?
6b
In base 3, what is 2001221 - -10?
2002001
In base 3, what is 12 - 22120101?
-22120012
In base 15, what is -7 - -63a?
633
In base 9, what is -573 + 5?
-567
In base 10, what is -197 + 3?
-194
In base 9, what is -3172 + -3?
-3175
In base 9, what is 534 - -4?
538
In base 10, what is 6703 - 0?
6703
In base 9, what is 18850 - -3?
18853
In base 13, what is -4 + -4590?
-4594
In base 6, what is -1021 + -44?
-1105
In base 4, what is 101122 + 1?
101123
In base 9, what is -1418 + 3?
-1415
In base 2, what is 110010000 + -101?
110001011
In base 6, what is -24 - -2502?
2434
In base 3, what is 11 - -1011?
1022
In base 13, what is 5 + -2c?
-27
In base 14, what is 5 + 90?
95
In base 2, what is 11 + 10100111111?
10101000010
In base 15, what is 555 + -1?
554
In base 11, what is 2816 + 5?
2820
In base 15, what is -448 + -6?
-44e
In base 9, what is -2 - 20?
-22
In base 5, what is -4 - -11401?
11342
In base 15, what is -3 + -1a?
-1d
In base 14, what is -2 - a?
-c
In base 15, what is -3 - 37a?
-37d
In base 11, what is 41 + -a?
32
In base 15, what is -17 + -58?
-70
In base 16, what is 95d - -4?
961
In base 4, what is 2332 + 3?
3001
In base 13, what is -1 - 3b2?
-3b3
In base 13, what is -17c4 - 1?
-17c5
In base 4, what is -100023 + -11?
-100100
In base 9, what is -60 - 32?
-102
In base 3, what is -2020 + 1?
-2012
In base 10, what is -3 - 211?
-214
In base 14, what is -10 - -b?
-3
In base 6, what is -4551 - 2?
-4553
In base 2, what is -10000110 + -11?
-10001001
In base 16, what is -2b2 - -6?
-2ac
In base 3, what is -221 + 22?
-122
In base 9, what is 5 - 1551?
-1545
In base 7, what is 2422 + -5?
2414
In base 11, what is -34 + -5?
-39
In base 8, what is -23 - 1?
-24
In base 11, what is 2 + 3?
5
In base 15, what is -29 + 16?
-13
In base 3, what is 10012 - -11?
10100
In base 3, what is -1010101 - -11?
-1010020
In base 16, what is -ee + -1?
-ef
In base 14, what is -5 + -17d?
-184
In base 4, what is 0 + 1132102?
1132102
In base 3, what is 2 + 111?
120
In base 12, what is -3 - 6?
-9
In base 8, what is -1 - -161?
160
In base 6, what is -5 + -5354?
-5403
In base 15, what is 72 + 1b?
8d
In base 15, what is -3 + -12?
-15
In base 5, what is 122 + -1?
121
In base 3, what is 1111002020 - -11?
1111002101
In base 6, what is 142 + 22?
204
In base 8, what is -2 + -310?
-312
In base 8, what is -2 - 321?
-323
In base 5, what is -22421 + 10?
-22411
In base 8, what is -4 - 474?
-500
In base 2, what is -10100 + 10100?
0
In base 12, what is 4 + -138?
-134
In base 7, what is 2135 - 4?
2131
In base 10, what is 0 + -7461?
-7461
In base 9, what is -3 - 36?
-40
In base 4, what is -3013 - -13?
-3000
In base 8, what is -20 - -1?
-17
In base 5, what is 1 + 331?
332
In base 4, what is -13 + 0?
-13
In base 15, what is -7 - 0?
-7
In base 10, what is 26 + 10?
36
In base 6, what is -3 - 323?
-330
In base 13, what is -24 - -69?
45
In base 6, what is 1110 - -4?
1114
In base 11, what is 0 + 690?
690
In base 13, what is 1061 - -1?
1062
In base 4, what is -313 + 122?
-131
In base 3, what is -102120 - -2221?
-22122
In base 12, what is a16 - 8?
a0a
In base 3, what is 21 + 202100?
202121
In base 3, what is 1000220201 + -1?
1000220200
In base 2, what is 0 + 11100000?
11100000
In base 9, what is 120 + 3?
123
In base 11, what is 4 - 59?
-55
In base 16, what is -3 + 504?
501
In base 15, what is b4 - 5?
ae
In base 2, what is 0 - -100000110?
100000110
In base 14, what is -1 - -10?
d
In base 12, what is 4 - 206a?
-2066
In base 12, what is -28 + 4?
-24
In base 10, what is -4 - -955?
951
In base 3, what is 10 + 1210?
1220
In base 13, what is 66 + -58?
b
In base 9, what is -75 - -6?
-68
In base 13, what is -16a - -3?
-167
In base 7, what is -2 - 13361?
-13363
In base 2, what is -10010000 + -101?
-10010101
In base 9, what is -4 - 15?
-20
In base 7, what is -113 - 5?
-121
In base 13, what is 719 + 2?
71b
In base 12, what is 94 - -ba?
192
In base 7, what is 50 - 215?
-135
In base 15, what is -c + -21?
-2d
In base 8, what is 0 - -70?
70
In base 16, what is -1f - -28?
9
In base 14, what is 4 + c0?
c4
In base 14, what is -14c - -26?
-126
In base 8, what is -104363 - -5?
-104356
In base 5, what is -443 + -3?
-1001
In base 15, what is -28 - -55?
2c
In base 12, what is 1 + -522?
-521
In base 6, what is 132 + 134?
310
In base 13, what is 1b0 + -5?
1a8
In base 4, what is 3 + -122032?
-122023
In base 8, what is -6 - -60?
52
In base 3, what is -1222221 + -11?
-2000002
In base 5, what is -4 - 202?
-211
In base 15, what is 11 - -8?
19
In base 12, what is -5 + 64?
5b
In base 5, what is -332 - -14?
-313
In base 3, what is 1 + 20012?
20020
In base 14, what is -b6 + 0?
-b6
In base 15, what is 1 + -1b?
-1a
In base 4, what is 1013 - -1203?
2222
In base 2, what is -11101100000 + -10?
-11101100010
In base 7, what is 0 + -66?
-66
In base 14, what is 3 - -128a?
128d
In base 8, what is -4 + 7?
3
In base 11, what is 9755 - -1?
9756
In base 2, what is 1000 - -1100001?
1101001
In base 4, what is -32023 + -2?
-32031
In base 8, what is 4326 + -5?
4321
In base 13, what is -8 - -247?
23c
In base 4, what is 3 - 1033?
-1030
In base 13, what is -5 + -203c?
-2044
In base 12, what is -21 + -13?
-34
In base 14, what is -2d92 + -2?
-2d94
In base 5, what is 1200 + -2?
1143
In base 8, what is -62 + 16?
-44
In base 10, what is -46 - 44?
-90
In base 5, what is 141 - 2010?
-1314
In base 16, what is 15 - 1?
14
In base 12, what is 7 + 24?
2b
In base 12, what is -8 + 0?
-8
In base 14, what is -2 + -29b?
-29d
In base 6, what is -1525 + -44?
-2013
In base 9, what is 1002 + 0?
1002
In base 2, what is -1 + 1110100?
1110011
In base 4, what is 1 - -330?
331
In base 6, what is -3 - 2143?
-2150
In base 6, what is 31204 + -1?
31203
In base 7, what is -5 + -21?
-26
In base 13, what is -2b1 - -3?
-2ab
In base 4, what is 2031 - -3?
2100
In base 10, what is 0 - -178?
178
In base 4, what is -23 - -1010?
321
In base 5, what is -122341 + -10?
-122401
In base 14, what is 3 + 45d?
462
In base 7, what is -20 + -5?
-25
In base 12, what is 7 - 17?
-10
In base 14, what is -bc + -c?
-ca
In base 12, what is 2b + -1?
2a
In base 10, what is -17 + 0?
-17
In base 9, what is -3 + -2343?
-2346
In base 4, what is 11 - 32013?
-32002
In base 11, what is 9 + -18?
-a
In base 6, what is -121 - 124?
-245
In base 6, what is -5 - -52431?
52422
In base 6, what is 154 - 5?
145
In base 8, what is 2 - 0?
2
In base 13, what is -5 + 13?
b
In base 12, what is 54 + -24?
30
In base 4, what is -3111 - -133?
-2312
In base 4, what is 103 + -10?
33
In base 6, what is 4 + 222?
230
In base 9, what is -170 + -5?
-175
In base 4, what is -21 - -2321?
2300
In base 6, what is 10153 - 14?
10135
In base 2, what is 1000001 - 111?
111010
In base 7, what is 4 + 145?
152
In base 7, what is 151302 - -3?
151305
In base 5, what is -3121 + -4?
-3130
In base 8, what is 133 + 2?
135
In base 16, what is 5 + 36?
3b
In base 7, what is 110 - 6?
101
In base 5, what is 34 + 14003?
14042
In base 4, what is -1 + -113?
-120
In base 9, what is -15 - 16?
-32
In base 12